to base 7
6
5 (base 16) to base 10
5
Convert 112 (base 3) to base 4.
32
Convert 102 (base 5) to base 9.
30
What is 331 (base 7) in base 2?
10101001
What is 1001001 (base 2) in base 10?
73
13 (base 15) to base 13
15
Convert -123 (base 4) to base 5.
-102
What is -21 (base 5) in base 9?
-12
What is 2 (base 10) in base 16?
2
Convert 34 (base 12) to base 3.
1111
Convert 38 (base 12) to base 6.
112
What is 28 (base 13) in base 12?
2a
-651 (base 7) to base 16
-14a
What is 5 (base 7) in base 4?
11
14 (base 13) to base 4
101
-376 (base 9) to base 8
-470
What is 12 (base 14) in base 12?
14
-192 (base 13) to base 10
-288
What is -3 (base 13) in base 8?
-3
Convert -10 (base 9) to base 16.
-9
Convert -28 (base 13) to base 4.
-202
-21 (base 4) to base 15
-9
What is 0 (base 10) in base 3?
0
What is 13 (base 11) in base 9?
15
What is 21 (base 12) in base 15?
1a
Convert 1 (base 5) to base 3.
1
Convert 1211 (base 3) to base 5.
144
Convert 3 (base 14) to base 8.
3
What is 1 (base 2) in base 7?
1
Convert 35 (base 15) to base 13.
3b
Convert -1 (base 16) to base 13.
-1
What is -33 (base 13) in base 11?
-39
Convert -26 (base 8) to base 14.
-18
Convert 3 (base 8) to base 3.
10
Convert -4 (base 5) to base 14.
-4
0 (base 16) to base 11
0
Convert -34 (base 5) to base 11.
-18
3 (base 6) to base 14
3
22 (base 3) to base 13
8
-13 (base 4) to base 10
-7
Convert 2 (base 14) to base 13.
2
Convert 4 (base 14) to base 13.
4
-10 (base 9) to base 6
-13
Convert 62 (base 11) to base 5.
233
What is 2 (base 11) in base 13?
2
-b (base 15) to base 2
-1011
3 (base 8) to base 9
3
What is 218 (base 10) in base 8?
332
Convert 13 (base 6) to base 14.
9
Convert -44 (base 15) to base 10.
-64
24 (base 9) to base 2
10110
What is -10 (base 6) in base 3?
-20
3c (base 13) to base 2
110011
What is 1203 (base 5) in base 8?
262
What is -13 (base 9) in base 13?
-c
What is -2 (base 7) in base 14?
-2
-32 (base 8) to base 3
-222
Convert -c (base 15) to base 8.
-14
Convert 1 (base 6) to base 7.
1
-b (base 15) to base 13
-b
40 (base 6) to base 9
26
What is -43 (base 16) in base 11?
-61
Convert -36 (base 8) to base 13.
-24
ee (base 15) to base 3
22022
-363 (base 7) to base 9
-233
23 (base 15) to base 3
1020
-148 (base 10) to base 6
-404
102 (base 11) to base 7
234
10 (base 2) to base 13
2
What is 3 (base 12) in base 5?
3
Convert -21 (base 6) to base 5.
-23
Convert 4 (base 14) to base 16.
4
-2 (base 4) to base 11
-2
What is -2 (base 8) in base 13?
-2
What is 1c (base 16) in base 15?
1d
Convert 1110 (base 2) to base 4.
32
-11220 (base 3) to base 7
-246
-38 (base 10) to base 8
-46
5 (base 9) to base 2
101
What is 18 (base 11) in base 9?
21
What is -59 (base 10) in base 15?
-3e
Convert 0 (base 4) to base 16.
0
190 (base 14) to base 6
1254
-62 (base 14) to base 4
-1112
Convert -133 (base 6) to base 13.
-45
-3 (base 12) to base 6
-3
What is -15 (base 16) in base 11?
-1a
Convert 91 (base 13) to base 6.
314
-f5 (base 16) to base 6
-1045
-167 (base 10) to base 4
-2213
-5 (base 16) to base 3
-12
What is -211 (base 4) in base 11?
-34
Convert 110 (base 3) to base 12.
10
1 (base 3) to base 12
1
Convert -2 (base 10) to base 12.
-2
-200 (base 7) to base 12
-82
a (base 13) to base 6
14
What is -2 (base 5) in base 9?
-2
Convert -17 (base 9) to base 11.
-15
Convert 253 (base 6) to base 15.
70
What is -3 (base 13) in base 2?
-11
0 (base 15) to base 3
0
What is 1302 (base 5) in base 6?
534
Convert 252 (base 6) to base 16.
68
0 (base 9) to base 10
0
Convert 23 (base 10) to base 7.
32
Convert 4 (base 8) to base 12.
4
What is -14 (base 8) in base 7?
-15
What is 22 (base 7) in base 4?
100
-3 (base 14) to base 11
-3
-1 (base 14) to base 3
-1
Convert -6 (base 13) to base 6.
-10
Convert -210 (base 9) to base 11.
-146
-1c (base 16) to base 10
-28
Convert 1 (base 16) to base 6.
1
Convert -20 (base 5) to base 3.
-101
Convert 49 (base 11) to base 12.
45
Convert 2 (base 4) to base 2.
10
What is 12 (base 12) in base 16?
e
Convert 1 (base 15) to base 5.
1
Convert -264 (base 9) to base 3.
-22011
What is -6 (base 13) in base 3?
-20
What is a4 (base 14) in base 10?
144
What is 1 (base 12) in base 2?
1
Convert -33 (base 8) to base 2.
-11011
-64 (base 7) to base 6
-114
Convert 123 (base 4) to base 14.
1d
21 (base 6) to base 4
31
11 (base 16) to base 4
101
2 (base 10) to base 15
2
Convert -128 (base 15) to base 2.
-100000111
What is -22 (base 3) in base 5?
-13
1000 (base 2) to base 9
8
-7 (base 12) to base 5
-12
Convert 101 (base 8) to base 6.
145
220 (base 3) to base 10
24
What is -2 (base 15) in base 10?
-2
What is 8 (base 12) in base 13?
8
What is -12 (base 5) in base 3?
-21
Convert a (base 12) to base 3.
101
-2 (base 16) to base 13
-2
41 (base 10) to base 7
56
What is -b (base 14) in base 2?
-1011
Convert -4 (base 16) to base 10.
-4
-182 (base 10) to base 6
-502
-1001111 (base 2) to base 5
-304
Convert 1c (base 13) to base 11.
23
-4 (base 15) to base 2
-100
What is -101 (base 4) in base 6?
-25
What is 1 (base 10) in base 2?
1
Convert -119 (base 11) to base 8.
-215
Convert -11 (base 6) to base 10.
-7
What is -2 (base 13) in base 7?
-2
Convert -1 (base 9) to base 16.
-1
Convert -2 (base 11) to base 6.
-2
3 (base 8) to base 3
10
Convert 3 (base 4) to base 7.
3
15 (base 6) to base 10
11
1 (base 11) to base 15
1
What is 8 (base 12) in base 3?
22
Convert 2 (base 13) to base 3.
2
What is 2 (base 16) in base 5?
2
What is 1012 (base 3) in base 6?
52
-143 (base 6) to base 12
-53
What is 3 (base 8) in base 9?
3
What is 24 (base 9) in base 7?
31
Convert 10 (base 8) to base 16.
8
Convert 150 (base 9) to base 6.
330
What is 2 (base 7) in base 4?
2
1001101 (base 2) to base 3
2212
-1c (base 14) to base 2
-11010
3 (base 14) to base 12
3
What is -4 (base 9) in base 10?
-4
What is 100000 (base 2) in base 14?
24
-11221 (base 3) to base 14
-97
Convert -22022 (base 3) to base 12.
-168
What is 0 (base 8) in base 16?
0
Convert 97 (base 14) to base 11.
111
-20 (base 8) to base 4
-100
Convert -153 (base 10) to base 11.
-12a
Convert 4 (base 13) to base 7.
4
Convert 18 (base 13) to base 14.
17
Convert 32 (base 7) to base 2.
10111
Convert -98 (base 12) to base 13.
-8c
-8 (base 15) to base 12
-8
Convert -10 (base 3) to base 8.
-3
Convert 10 (base 2) to base 4.
2
Convert 343 (base 5) to base 10.
98
What is 70 (base 9) in base 15?
43
Convert -10 (base 9) to base 4.
-21
What is -6 (base 11) in base 2?
-110
131 (base 7) to base 15
4b
What is 111 (base 5) in base 16?
1f
-1 (base 9) to base 2
-1
Convert -a (base 12) to base 2.
-1010
1 (base 12) to base 16
1
Convert -168 (base 10) to base 3.
-20020
Convert -1 (base 6) to base 12.
-1
-22 (base 5) to base 15
-c
-145 (base 6) to base 16
-41
Convert -22 (base 3) to base 10.
-8
-10100101 (base 2) to base 3
-20010
Convert -36 (base 15) to base 8.
-63
-1110111 (base 2) to base 9
-142
Convert -46 (base 12) to base 13.
-42
What is 9 (base 13) in base 2?
1001
What is 28 (base 15) in base 7?
53
1133 (base 4) to base 11
87
Convert -1 (base 15) to base 11.
-1
What is -5 (base 9) in base 6?
-5
What is 202 (base 6) in base 5?
244
Convert 116 (base 11) to base 2.
10001010
Convert 3 (base 12) to base 2.
11
What is -3 (base 6) in base 3?
-10
0 (base 6) to base 11
0
19 (base 15) to base 2
11000
Convert -22 (base 7) to base 4.
-100
Convert -12 (base 4) to base 3.
-20
-1c (base 16) to base 5
-103
Convert -153 (base 12) to base 13.
-12c
Convert 3 (base 4) to base 16.
3
What is -1 (base 4) in base 15?
-1
What is -110 (base 3) in base 11?
-11
4 (base 7) to base 3
11
Convert 108 (base 10) to base 9.
130
Convert a (base 15) to base 11.
a
What is -a2 (base 12) in base 4?
-1322
Convert -1 (base 6) to base 2.
-1
265 (base 11) to base 4
10321
Convert -212 (base 4) to base 12.
-32
2 (base 16) to base 12
2
Convert 3 (base 9) to base 12.
3
-322 (base 6) to base 14
-8a
What is 26 (base 12) in base 15?
20
0 (base 3) to base 12
0
What is 2 (base 16) in base 2?
10
31 (base 4) to base 5
23
22 (base 4) to base 3
101
What is -10 (base 15) in base 2?
-1111
-102 (base 11) to base 2
-1111011
-10110011 (base 2) to base 6
-455
What is -4 (base 10) in base 2?
-100
Convert -10 (base 4) to base 7.
-4
What is -10 (base 2) in base 15?
-2
-222 (base 5) to base 16
-3e
What is 72 (base 16) in base 15?
79
Convert 183 (base 10) to base 11.
157
What is 3 (base 11) in base 5?
3
4